- 61*r - 3347 - 5*r**2 + 14*r + 23*r + 3430. Give h(3).
-16
Let v(t) be the first derivative of t**2/2 - 5*t + 6417. Let z(j) = -3*j - 8. Let x be z(-6). Calculate v(x).
5
Let z(q) = -23*q - 125. Let k be ((29 - -10) + -44)/(1/2*2). Give z(k).
-10
Let a(m) be the third derivative of -5*m**4/8 + 4*m**3/3 + 106*m**2 + 3. Determine a(7).
-97
Let u(t) = -131*t**3 + 2*t**2 + 3*t + 4. Let i(j) = -61*j**3 + j**2 + j + 2. Let a(q) = -9*i(q) + 4*u(q). Give a(1).
25
Let k = -162 - -166. Suppose -16*t = -20*t - k. Let n(r) = -7*r. Give n(t).
7
Let a(j) be the second derivative of -5/12*j**4 + j**3 - 1/20*j**5 + 98*j - 1/2*j**2 + 0. Determine a(-5).
-31
Let d(i) = i**3 + 10*i**2 + 1. Suppose 0 = -3*r + r - 5*v + 105, 4*v + 100 = 3*r. Suppose 44*q - 40*q = -r. What is d(q)?
1
Suppose -6*x - 148 = -154. Let j(c) = 2*c**2 - 8 + 5*c + 3*c + x - 4*c**2. Give j(6).
-31
Let w(y) be the first derivative of -y**5/60 - 5*y**4/24 + 179*y**2/2 - 72. Let a(d) be the second derivative of w(d). Give a(-6).
-6
Let f(v) = -v**3 + 9*v**2 + 5. Let l = 253 + -161. Suppose 56 = -4*y + l. What is f(y)?
5
Suppose -14 = 5*s + 1. Let d(j) = j**2 + 2*j + 1. Let c be (2 - -1) + 45 + -47. Let f(n) = -n - 1. Let w(p) = c*d(p) + f(p). What is w(s)?
6
Let p(s) be the first derivative of s**2/2 - 9*s + 1. Suppose -850 = -68*z - 17*z. What is p(z)?
1
Let n(d) = 2*d**3 - 2*d**2 + 1. Let f(y) = 4*y**2 + 5*y + 9. Let q be f(-2). Let p be (-188)/(-12) + 2/6. Suppose u = -p + q. Determine n(u).
-3
Let k(u) = -u**3 - 6*u**2 + 6*u - 1. Let z be k(-7). Suppose 4*l = -186 + 190. Let y(h) = 2*h**3 - 2 - 3*h + l - 1 + 10*h - h**3 - 7*h**2. Determine y(z).
4
Let p(l) be the second derivative of -l**4/12 - 8*l**3/3 - 14*l**2 + 269*l + 1. Give p(-14).
0
Let b(i) = 47*i - 5. Let m(g) = 4*g**2 - 255. Let p be m(-8). What is b(p)?
42
Let s(n) be the first derivative of n**3/3 + 3*n**2 + 10*n + 7. Let d be s(-3). Let j(a) = -5*a + 3. Let g be j(d). Let i(p) = -p**3 - p**2 - 2*p. What is i(g)?
8
Let g(k) be the second derivative of k**7/2520 + k**6/80 - k**5/20 + k**4/2 + k**3/6 - k + 2. Let p(o) be the third derivative of g(o). What is p(-10)?
4
Let c(f) = -2*f**2 - 19*f - 93. Let p(r) = r**2 + 4*r + 1. Let q(s) = c(s) + 3*p(s). Determine q(13).
-12
Suppose -6*g + 2*g + 8 = 0. Let q(o) = 18*o + 9 - o**g - 9*o - 5*o - 11*o. Let a(r) = 4*r + 1. Let l be a(-2). What is q(l)?
9
Let t be (23 + 2475/(-90))*(-16)/18. Suppose -4*s - 1 = 5*d, 2*s + 4 + 4 = 0. Let y(z) = -6*z + 6 + d*z - 11 + t. What is y(-1)?
2
Let h(t) = -t + 3. Suppose -5*u = 64 + 216. Let r = u + 50. What is h(r)?
9
Let k(p) be the second derivative of p**4/12 - 5*p**3/6 - 7*p**2/2 + p + 2. Let n be k(5). Let m(t) = 4 - 126*t + 0 + 125*t. What is m(n)?
11
Let j(l) = -l**2 + 78 - 33*l + l**2 - 12 + l**2 + 88. What is j(27)?
-8
Let u be (1*-3)/((24 + -39)*(-3)/45). Let o(w) = 47*w + 21. Determine o(u).
-120
Let k(i) = i**3 + 2*i**2 - 3*i + 2. Let f be 2/5*(-25)/(-10). Let w be k(f). Let v be ((-20)/8 + w)*14. Let a(y) = -y**3 - 8*y**2 - 7*y + 3. What is a(v)?
3
Suppose -3*h - 8 = -5*h. Let c(r) = -3 - 15*r + 3*r + 20*r**2 - 19*r**2 + 7*r - r. Let a be c(h). Let b(p) = p**3 + 11*p**2 - p - 9. What is b(a)?
2
Let t(k) be the first derivative of -7*k**3/6 + 5*k**2/2 - 12*k - 150. Let w(s) be the first derivative of t(s). Give w(-4).
33
Let b(t) = -1282 + 635 - 7*t + 652. Determine b(4).
-23
Let m(c) = -224*c - 7619. Let o be m(-34). Let t(x) = -17 - 19 + 38 + x + 2*x**3 + 6*x**2. Determine t(o).
-1
Let q(d) = -314 + 3419*d - 1806*d - 1626*d. Calculate q(-24).
-2
Let m(q) = 18*q + 3. Suppose -208*v - 5 = -212*v + 11. Calculate m(v).
75
Suppose -6*v + 44*v + 348 = -20*v. Let d(k) = k**3 - 5*k**2 - 65*k + 12. What is d(v)?
6
Let n(k) = -96*k - 5. Let j = -10397 - -10396. Calculate n(j).
91
Let d(y) = 709214069*y + 6*y**3 - 709214068*y + 0*y**3 + 1. Let f be -4 + 3 - (1 + -1). What is d(f)?
-6
Let m = 274 - 272. Let q(l) = 11*l - 21. Calculate q(m).
1
Let r(c) = -10 - 6*c**3 - c + 0*c**2 + 16*c**2 + c**2 + 7*c**3. Let h be r(-17). Let p(z) = -z**2 + 9*z - 4. What is p(h)?
10
Suppose -5*n + 15 = 2*i, i - 4 = -2*n + 1. Suppose 70 = -n*l - 4*j, -2*l + 5*j - 35 = -7. Let v(h) = -h**2 - 16*h - 27. Calculate v(l).
1
Let x(o) = 3*o**2 + o**3 - 65758*o - 65757*o - 2 + 131511*o. Let s be (-10)/6 - 2/6. Let i be s*((-7)/(-2) - 2). Calculate x(i).
10
Let q(v) = v**2 - 2*v. Let x(b) = b**2 - 5*b. Let h(k) = 5*q(k) - 2*x(k). Let y(o) = 2*o**2 - o + 1. Let c(f) = -h(f) + 2*y(f). Calculate c(3).
5
Suppose 2*i - 36 = 3*h, 30 = -3*h + 19*i - 18*i. Let y(c) = -c**3 - 7*c**2 + 4*c + 1. Calculate y(h).
33
Let t(w) = w + 5*w + 1 + 0. Let y(q) = -q**2 - 557*q + 1677. Let m be y(3). Determine t(m).
-17
Let a(o) = -5*o - 5. Let k(i) = 9*i + 8. Suppose -4*w + 4 = -8*w. Let r(n) = -n - 1. Let g(t) = w*k(t) - 4*r(t). Let v(q) = -3*a(q) + 4*g(q). What is v(1)?
-6
Let s = -11252 - -11245. Let r(v) = -1 - v**2 - 311*v + 306*v - 1. Determine r(s).
-16
Let d(i) = i - 5. Let q be ((-12)/(-9))/(4/222). Let y = 1633 - 1701. Let w = q + y. Calculate d(w).
1
Let t(v) be the third derivative of 0 + 1/10*v**5 - 1/120*v**6 + 143*v**2 + 0*v + 0*v**3 + 1/4*v**4. What is t(7)?
-7
Let j(t) = t**3 - 7*t**2 - 1. Let u = -94 + 260. Suppose -3*v + 187 - u = 0. What is j(v)?
-1
Let m(t) = -11*t + 12. Suppose 145*p - 1070 = -68*p + 634. What is m(p)?
-76
Let a(o) = -18*o - 47. Let f(j) = -3*j**2 - 64*j - 64. Let t be f(-1). Give a(t).
7
Let n(u) = -u - 6. Let h(z) = -z**2 - 27*z + 683. Let r be h(-43). Give n(r).
-1
Let w(j) = j**3 - 11*j**2 + 13*j - 32. Let c = -3611 + 3621. Calculate w(c).
-2
Let a(x) = -9*x + 37*x - 29*x + 3. Let c(s) = -s**2 + 30*s + 3. Let o be c(0). Calculate a(o).
0
Let u(z) be the first derivative of z**6/120 - z**4/24 + 30*z**2 + 36. Let t(j) be the second derivative of u(j). Let p be -1 + (2 - (1 - -1)). Give t(p).
0
Let c(z) = -z**2 + 3*z + 8. Let u(v) = 21*v - 224. Let p be -30 + 35 + 6*1. Let h be u(p). What is c(h)?
-20
Let z = -26 - -127. Let k = -43 - -43. Let g(t) = 94*t**2 + t**3 + 2*t - 6 - z*t**2 + k. What is g(7)?
8
Let h = -18253 - -18250. Let a(s) = -10*s**2 - s + 6. Determine a(h).
-81
Let d(r) be the second derivative of -r**3/6 - 3*r**2 - r. Let b(c) = -12*c**3 - c**2 + 8*c + 23. Let j be b(-4). Let a = j + -738. Give d(a).
-11
Suppose 5*k = 148 + 92. Let r = k - 25. Let x = 23 - r. Let n(f) = -f**2 - f + 2. What is n(x)?
2
Let l(w) = 6*w. Let h(z) = z**3 + 8*z**2 + 12*z + 4. Let n be h(-6). Suppose -3*r - 2 = n. Let s be r/8 + 0 + (-143)/(-44). Give l(s).
18
Let h = 1245 + -1243. Let v(i) = i + 9. Calculate v(h).
11
Let d = -14 + 16. Let o(f) = 2*f + 3*f - f + 0*f**d + f**3 - 5*f**2. Suppose 12 = 726*z - 723*z. Calculate o(z).
0
Let j(u) = -240*u - 172*u**2 + 170*u**2 + 232*u. Suppose 0 = -4*t - 2*r - 32, -t + 1 - 3 = -r. Give j(t).
-24
Let n(h) = -7*h**2 + 10*h + 6. Let p(y) = 19*y**2 - 30*y - 16. Let j(i) = 11*n(i) + 4*p(i). Let u be 12/(-15)*50/4. Determine j(u).
2
Suppose 19 = -4*y - 1. Let n be (35/(-4))/(-7) + (-3)/(-4). Let u(r) = -115*r - n + 110*r + 7 - r**2 + 0. Give u(y).
5
Let z(j) be the first derivative of 3/10*j**5 - 15 + 1/2*j**2 - 1/3*j**3 + 0*j**4 + 15*j. Let m(g) be the first derivative of z(g). Determine m(1).
5
Let l(m) = -m - 4. Let i be 4/(-1) - (2 - -47). Let b = i - -76. Let u = b - 23. Determine l(u).
-4
Let t(y) = -2*y**3 - 17*y**2 + 4*y + 13. Let x = 19987 - 19994. Calculate t(x).
-162
Let i(n) = 10*n**2 - 8*n**3 + 171*n - 169*n - 19 + 10*n**3. Calculate i(-4).
5
Let o(l) = 8*l + 2*l - 7*l - 3*l + 15 - 3*l. Calculate o(7).
-6
Let x(a) = a**3 + 3*a - 1. Let n(t) = -t**3 + 9*t**2 + 6*t + 40. Let f be n(10). Suppose f = -77*d + 81*d - 8. What is x(d)?
13
Let u(a) = -a**3 + 9*a**2 - 6*a - 11. Let w be u(8). Let d(l) be the third derivative of -l**4/24 + 995*l**2. Determine d(w).
-5
Let g(l) = 21*l - 15. Let n(m) = 8*m - 5. Let r(f) = 4*g(f) - 13*n(f). Determine r(1).
-15
Let b(r) be the first derivative of 4/3*r**3 - 4*r + 6 - 1/4*r**4 + 5/2*r**2. Let k be (-1 - (-1 + 3)) + 8. What is b(k)?
-4
Suppose -4*r - 6 = f, 3*f + 3*r + r + 2 = 0. Let x(m) = m**2 - 8*m + 6. Let t(w) = -w**2 - 1. Let i(n) = f*t(n) + x(n). Let p = 36 - 42. Determine i(p).
16
Let t(h) = h**3 - 5*h**2 + 2*h - 16. Let a = -2592 + 2597. Give t(a).
-6
Let y(n) = -